 - 108, 3*v + 6 = 0. Let b = i + -46. What are the prime factors of 64/20*(-110)/b?
2, 11
Let k(q) = q**2 - 7*q + 1. Let j be k(9). Suppose c - 5*c = 3*u - j, 3 = 2*c - 5*u. What are the prime factors of c/22 + 42*(-23)/(-11)?
2, 11
Suppose -4*c = -3*v - 38 - 29, -4*v + 12 = 0. Let a = c + -8. List the prime factors of 673/a - (48/(-44))/(-6).
61
Let w(k) = -159*k**3 - 10*k**2 - 22*k + 15. Let s(v) = -32*v**3 - 2*v**2 - 4*v + 3. Let u(y) = 22*s(y) - 4*w(y). List the prime factors of u(-2).
2, 3, 89
What are the prime factors of 3/(-6) - 74376/(-16)?
2, 7, 83
What are the prime factors of 17914 - (-28)/21*(-51)/(-34)?
2, 3, 1493
What are the prime factors of (-1129550)/(-130) + (-48)/(-312)?
8689
Suppose 4*f = -4*c + 3*c + 11, -5*f - 4*c = -22. Suppose 53 = 3*p - f*s, p + 3*s = -5 + 8. List the prime factors of 1404/p - 1 - 8/(-20).
3, 31
Let w(g) = -37*g**3 - 2*g - 23 + 9 + 4*g**2 + 17*g**3. List the prime factors of w(-3).
2, 71
Let k(c) = -c**2 + 33*c - 18. Let b be k(28). Suppose 0 = 12*h - b - 6682. What are the prime factors of h?
3, 7
Let r be (-75)/(-10) + (-1)/(-2). Suppose -n - n + r = 0. Suppose 89 = n*s - 291. What are the prime factors of s?
5, 19
Let b = 9118 - -6374. List the prime factors of b.
2, 3, 1291
Let q(y) be the first derivative of -2*y**3/3 + 3*y**2/2 + y + 39. Let n be q(2). What are the prime factors of 1 - n/(2/234)?
2, 59
Let f(m) = 33*m**2 + 11*m + 5. Suppose -3*r - 50 = 5*x, 8*r - 3*r = 2*x + 20. Let v be f(x). List the prime factors of ((-2)/3)/((-12790)/v - -4).
3, 71
Let w = -3 + 6. Suppose -s - w = 0, -6*z + 3*z = 2*s + 6. Suppose 6*j - 690 = -z*j. List the prime factors of j.
5, 23
Let b(r) = -r**3 - 4*r**2 - 6*r - 6. Let g be b(-3). What are the prime factors of g - ((-4)/12 + (-1360)/6)?
2, 5, 23
Let a(z) = -5*z + 64. Suppose -b + 5 = -3*t + 2, 51 = 4*b + t. Let r be a(b). Suppose r*h = -6*u + 4*u + 774, 5*h - 970 = -2*u. What are the prime factors of h?
2, 7
Let c(w) = 303*w + 2*w**2 - w**2 - 302*w. Let j be c(-1). List the prime factors of 164 - (j - (0 + 1)).
3, 5, 11
Let b(i) = -i**3 + 58*i**2 + 33*i - 115. List the prime factors of b(58).
7, 257
Let z(s) = 160 + 3*s - 18*s + 127 - 27*s - 5*s. What are the prime factors of z(0)?
7, 41
Suppose -69*y + 754232 = -1615918. List the prime factors of y.
2, 3, 5, 229
Let p = 2 + 1. Suppose -17 = -p*z + 3*a - a, 0 = 4*a + 16. List the prime factors of 7/21 - (-275)/z.
2, 23
Suppose 20*f - 188811 = -f. List the prime factors of f.
3, 37
Let i = 30856 - 11189. List the prime factors of i.
71, 277
List the prime factors of -3 + (-4)/((-4)/9) + 10969.
5, 439
Let w be -1*((3 - -1) + -33). Let p = 33 - w. Suppose 0 = p*s - 7*s - 5*o + 77, 71 = 3*s - o. List the prime factors of s.
2, 3
Suppose -x = 5*o - 485, -49*x + 50*x - 509 = 3*o. Suppose 4*k = 1 + 7. Suppose x = -k*l + 12*l. List the prime factors of l.
2, 5
Suppose 14*y = 15*y - 2. Let w(m) = 102*m**2 - m + 2. Let a be w(y). Suppose c - a = -3*c. What are the prime factors of c?
2, 3, 17
What are the prime factors of -5 - ((5/(-10) - 0)*33676 - 3)?
2, 3, 23, 61
Let x be 2/7*(3 + -1 + 5). Suppose 2*v = x*g - 404, -4*g + 818 = -0*g - 2*v. Let b = g + -81. List the prime factors of b.
2, 3, 7
Suppose 3063 = 2*o - 2939. Let h = o - 1879. List the prime factors of h.
2, 3, 11, 17
Let f be (-2)/17 + 53/17. Suppose 5*z - 105 = -2*p, 0*z - 47 = -f*z + 2*p. Suppose -2*g = -q + 54 - z, g = 3*q - 115. What are the prime factors of q?
3, 13
Let g(k) be the third derivative of 43*k**4/24 + 5*k**3/6 + k**2 - 8. What are the prime factors of g(4)?
3, 59
Let x = -36 + 26. Let d(v) = v**2 + 10*v - 3. Let r be d(x). List the prime factors of (-2 - r)/((-3)/(-75)).
5
Suppose -9817 = -v + 3*z, 2*z + 8176 - 57346 = -5*v. What are the prime factors of v?
2, 1229
Suppose 32155 - 206552 = -36*i + 207887. What are the prime factors of i?
7, 37, 41
List the prime factors of -1 - 2592/60*410/(-4).
19, 233
Let i be (10/(-8))/(7/(-28)). Suppose 5*u = i*a + 2665, -2*u + 6*u - 2168 = -5*a. List the prime factors of u.
3, 179
Suppose -1 + 13 = 2*k. Suppose -t - 270 = -k*t. Suppose -8 = -j - 5*l + 19, j - t = 4*l. What are the prime factors of j?
2, 3, 7
List the prime factors of 8552 + 3 + (-132)/(-11).
13, 659
Let k(d) = 2*d**2 - d - 2. Let g be k(2). Let m be -4*(2 - (-1 + g)). Suppose 0 = m*p - 324 - 260. What are the prime factors of p?
2, 73
Let k = 2283 + -1101. Suppose 5*h - 3021 = -4*z, 0*h = -2*h + 5*z + k. List the prime factors of h.
601
Let p(l) = 2*l**2 + 37*l + 10. Let o be p(-30). Let u = -349 + o. What are the prime factors of u?
3, 13
Suppose -12*o - 4077 = -39*o. Let c = 310 + o. What are the prime factors of c?
461
Suppose -17996 = -13*q + 2*q. What are the prime factors of q?
2, 409
Let q(d) = -2*d**2 + 17*d + 18. Let p be q(9). What are the prime factors of (2 - 5)*(-3675)/p?
5, 7
Suppose 2*r - 34 = 4*r. List the prime factors of -12*(r/(-6))/(-17).
2
Suppose 313*h - 3455 = 308*h. Let o = h - 245. List the prime factors of o.
2, 223
Let m(x) = 17*x**2 - 5*x + 33. List the prime factors of m(14).
5, 659
Suppose -2*g - 361 = 5*o, -4*o + 629 + 191 = -5*g. Let c = 831 + g. What are the prime factors of c?
3, 13, 17
Let y(v) = v**3 + 9*v**2 + 9*v + 10. Let x be y(-8). Let r(c) = 34*c**2 + 37*c**2 + 9*c - 70*c**x - 16. List the prime factors of r(10).
2, 3, 29
Let x = 13342 + -4916. List the prime factors of x.
2, 11, 383
Let q = -16 - -23. Suppose q = 2*p - 1. Let b = p - -107. List the prime factors of b.
3, 37
Let g = -21746 + 40794. What are the prime factors of g?
2, 2381
Let g(f) = 600*f**2 + 61*f - 174. List the prime factors of g(3).
3, 601
Let z(g) = 4*g**3 - 11*g**2 - 3*g - 22. Let s be z(6). Suppose 107*f = 103*f + s. List the prime factors of f.
107
Let r be (9/2)/((-311)/(-44) - 7). List the prime factors of -98*(r/(-4) + 4).
5, 7
Suppose 8*d = 3*d + 4*c + 32, -4*d - 4*c = -4. What are the prime factors of (885 - 2)*d*1/2?
2, 883
Let a(j) = -j**2 + 6*j + 3. Let m be a(6). Let k be ((-110)/275)/(1/(-20)). Suppose -67 - k = -m*f. List the prime factors of f.
5
Suppose -5*j = -w + 5, 0 = -0*w - w - 3*j + 21. Suppose -x + 5 = -w. List the prime factors of x.
2, 5
Let j(c) = -c**2 + c + 10. Suppose -6*x = -3*x - 60. Let w be j(x). What are the prime factors of w/(-4) + 1/(-2)?
2, 23
Let j(l) = l**3 + 5*l**2 - 3*l + 35. Let g be j(-6). Suppose 0 = -g*s + 1297 - 56. List the prime factors of s.
73
Let j = -505 + 2144. List the prime factors of j.
11, 149
Let q = 794 + 4259. List the prime factors of q.
31, 163
Suppose -1231030 = -196*z + 208982. What are the prime factors of z?
3, 31, 79
Suppose 0 = 2*z + 2*d + 22, -2*d - 5 + 19 = -2*z. Let v(p) = -54*p + 33. What are the prime factors of v(z)?
3, 173
Suppose 172 = 4*l + 44. What are the prime factors of 10/2 + l/4?
13
Suppose -2*a - 5*q + 58580 = -19737, 5*a - 195776 = 4*q. List the prime factors of a.
2, 3, 13, 251
Let p be (-14)/3*(-3 + (-5 - 7)). Let w be p/(-4) - 2/(-4). Let o = w - -46. What are the prime factors of o?
29
Suppose 6*y = -j + 2*y + 6, j = 4*y - 18. Let u(c) = c**2 - c + 10. List the prime factors of u(j).
2, 13
Let m = -48 + 208. Let o = m - 44. Suppose -70 - o = -2*z. List the prime factors of z.
3, 31
Let w be (-15)/(-2)*24/60. Suppose -w*i + 0*o - 2 = 2*o, 0 = -5*i - 2*o - 2. List the prime factors of -3 - (i - -365)/(-5).
2, 5, 7
Let f(w) = -w**3 + 10*w**2 + 3*w - 11. Let b be f(10). Suppose -b*j + 356 = -23*j. Let k = 0 - j. List the prime factors of k.
89
Suppose 30*h + 85*h - 821215 = 0. What are the prime factors of h?
37, 193
Let q(v) = -v**3 + 4*v**2 - 4*v + 4. Let j be q(3). Suppose -5*h + 4 + j = 0. Suppose 0 = 3*z - 5*r - 107, -5 = 4*r - h. List the prime factors of z.
2, 17
Let v be ((-124)/(-3))/(6/531). Let u = v - 2519. What are the prime factors of u?
17, 67
Suppose 0*u = -3*u - 198. Let j be 63/12*(-7 + (-61)/(-3)). Let c = u + j. What are the prime factors of c?
2
Let f(u) = u**2 + 14*u + 29. Let v be f(-12). Suppose 0 = d - 5, -v*d - 299 = 3*l. Let z = l - -327. List the prime factors of z.
3, 73
Let x(p) = -p**2 - 17*p - 1. Let q be x(-17). Let v be (q/3)/(-1) + (-1972)/3. What are the prime factors of (6/(-9))/(6/v)?
73
Let o = 145 - -458. Suppose 0 = -6*b - o + 3201. List the prime factors of b.
433
Let z = 73987 - 27959.